ns digit of b?
3
Suppose 2*v - 5 = v. Suppose v*c - 20 = -10. Suppose -3*s + c*u + 171 = 0, 4*u - 10 = 2. What is the tens digit of s?
5
Let w be (1 + 0)*0/14. Suppose 2*k + w*f - 1160 = 2*f, -2*k - f = -1151. What is the tens digit of k?
7
Let x = -5727 - -5727. Let c(g) = -3*g**2 + 0*g**2 + 2*g**2 + 56 + g. What is the units digit of c(x)?
6
Let o(g) = -3*g + 7. Let v be o(-1). What is the hundreds digit of ((-1418)/10 + -1)/((-2)/v)?
7
Let p = 0 + 3. Suppose 59*m = -1747 + 9948. Suppose q + m = j + p*q, 0 = -3*j - 4*q + 409. What is the units digit of j?
1
Let a(v) = -420*v - 4009. What is the hundreds digit of a(-58)?
3
Let l = 3860 + -667. What is the thousands digit of l?
3
Let o = -2420 - -3807. Let b = -684 + o. What is the tens digit of b?
0
Suppose -70905 + 294474 = 11*d - 136461. What is the thousands digit of d?
2
Let k be (-1 + 2/1)*-6. Let w be 26/6 - (-2 - 14/k). Suppose -3*f - 303 = -3*x, w*x - 2*f - f = 406. What is the hundreds digit of x?
1
What is the tens digit of (22304/28)/4*(-25 - -39)?
8
Let b be (2/(-16))/(5/(-100120)). Let h = b + -1762. What is the units digit of h?
1
Let t be (37 + -40)*(-4)/3. Suppose 1498 = 3*m - m + 5*q, 0 = t*m + 2*q - 2996. What is the hundreds digit of m?
7
What is the tens digit of ((54 - 59) + 5/((-15)/(-2422)))*30?
7
Suppose -69*s = 16*s + 39*s - 744. Let h(c) = -14 - 5*c + 13*c + c**2 + 2*c**2. What is the tens digit of h(s)?
4
Let j be ((-64)/12)/((-2)/3). Suppose 5*f + j = 2*w, -2 - 2 = -w - 3*f. Suppose -45 = -w*n + 67. What is the units digit of n?
8
Let r(z) = 4*z**2 - 37*z + 15. Let p be r(9). Let h(t) = t**3 + 13*t**2 - 13. What is the hundreds digit of h(p)?
6
Let h be (((-51)/6 + 3)*-2)/(-1). What is the units digit of (-8076)/h - 4/22?
4
What is the tens digit of 2449*(-28)/(-21) - 5/(-3)?
6
Suppose 5*q + 25 = 0, -5*y + 55 = -q + 6*q. Suppose 4*n = y, 4*n + 302 = 2*m - n. Suppose -m = 6*r - 719. What is the tens digit of r?
9
Let o(s) = -22*s. Let d(f) = -3*f**2 + 25*f + 4. Let h(b) = -2*d(b) - 2*o(b). Let m(r) = 6*r**3 - r**2 - r. Let y be m(-1). What is the hundreds digit of h(y)?
2
Let t be (-7)/(-49) - (-13)/7. Suppose t*r - 7*r = -10. Suppose 0 = -r*x + 2*k + 150, -3*k = -k + 8. What is the tens digit of x?
7
Let u(v) be the first derivative of -2*v**2 + 33*v + 593. Let t = 7 - 20. What is the tens digit of u(t)?
8
Suppose -185200 + 61680 = -20*h. What is the hundreds digit of h?
1
Suppose w + o + o = 18, 16 = 4*o. Let x(z) = 7*z**2 - 25*z + 28. What is the hundreds digit of x(w)?
4
Suppose -20490 = -3*b + 2*k, 985*k - 24 = 981*k. What is the hundreds digit of b?
8
Let i(y) = y**2 - 7*y + 4 + y**3 - 3 - 25*y + 14. Suppose k - 3 = s, 9*k - 7*k + s - 18 = 0. What is the tens digit of i(k)?
8
Let a(t) = 21*t - 4. Let w(h) = h**3 - 7*h**2 + 11*h - 7. Let y be w(5). Let u be a(y). Let z = u - -55. What is the units digit of z?
9
Suppose -5*g + 37 = -2*y - 2, -g - 2*y = -15. What is the units digit of -13*23/((27/(-6))/g)?
8
Suppose 2*z + 5*o - 8 = 0, -5*z + 5*o + 20 = o. Suppose 4*t - 3*t + z = 0. What is the units digit of (3 - -26)*(t + 6)?
8
Suppose 17034 = 2*n - 4*i, -5*n + 13159 = 2*i - 29426. What is the tens digit of n?
1
What is the tens digit of ((-1809)/(-6) + 5)/(25/(-26) - -1)?
6
Suppose -d = -116 + 319. Let s = d - -355. What is the tens digit of s?
5
Suppose 0 = 3*a + 3*n + n - 1470, -4*n - 474 = -a. Let m = a - 242. What is the tens digit of m?
4
Let x = 19009 + -4118. What is the units digit of x?
1
Let o(g) = 356*g**2 + 41*g - 10. Let r be o(4). What is the thousands digit of (r/35)/((-3)/(-21))?
1
Let l(q) = -280*q**3 + 3*q**2 + 24*q + 25. What is the tens digit of l(-3)?
4
Suppose 5*d = 8*d - 5*l - 1997, -3*d + 4*l = -1996. Suppose 6*f = 692 + d. What is the units digit of f?
6
Suppose 2*d = 5*j + 317, 347*d - 4*j + 732 = 351*d. What is the tens digit of d?
7
What is the units digit of 135206276/2828 + (-1)/(-7)?
0
Suppose v = -4*n + 12, -5*n + 12 = 5*v - 3. Let i(q) = -q**2 + 2*q + 15. Let r be i(v). Suppose r*b - 105 = 12*b. What is the units digit of b?
5
Suppose 27*d + 5*i - 17339 = 23*d, 4*i + 4340 = d. What is the tens digit of d?
3
Let x(g) = 3*g**3 - 19*g**2 + 36*g + 73. What is the tens digit of x(17)?
3
Suppose 19 = 5*n - 6, -5*v + 4*n = 5. Let w(y) = -10*y**3 - 5*y**v - 3 + y - 4*y**2 + 16*y**3. What is the units digit of w(4)?
1
Let i be ((-4)/(-5))/((-21)/630). Let s be -12*(-2)/4*7/(-14). Let o = s - i. What is the tens digit of o?
2
Let u be (3 - 1)*(0 + -1). Let n(x) be the second derivative of -12*x**3 + 3*x**2/2 + 1579*x. What is the units digit of n(u)?
7
Suppose -5*p = -133*k + 129*k + 7408, 3*k - 5*p - 5556 = 0. What is the units digit of k?
2
Let p = -8607 + 15541. What is the tens digit of p?
3
Let p(n) = -n**3 + 9*n**2 - 17*n - 44. Suppose 0 = -2*k + 4*o - 4, 5*k + 27*o + 28 = 31*o. What is the hundreds digit of p(k)?
1
Suppose 1915 + 2537 = 2*n + 2*p, 5*n - 11114 = 3*p. What is the hundreds digit of n?
2
Let c(s) = -s. Let j(z) = -5*z**2 + 19*z + 17. Let y(l) = 5*c(l) + j(l). Let u be y(7). Let q = u + 282. What is the units digit of q?
2
Suppose 2*n - 21 = -4*k + 1491, 5*n = 3*k + 3715. Suppose 7*a - n - 1032 = 0. What is the hundreds digit of a?
2
Let q(w) = 469*w**2 + 93*w - 473. What is the thousands digit of q(5)?
1
Let w = -24 + 22. What is the hundreds digit of 0/w + (-3 - -254)?
2
Let x = 340 + -340. Suppose 8*q - 4439 - 281 = x. What is the units digit of q?
0
Let u be (-12)/(2 - (-28)/(-8)). Suppose 149 = u*a - 803. What is the tens digit of a?
1
Let u = -125 - -125. Suppose u = 11*k - 10*k - 18. What is the units digit of (-4)/(-6) - (-1 - 312/k)?
9
Let p(v) = 3121*v - 4712. What is the tens digit of p(4)?
7
Let d = -24141 + 30125. What is the units digit of d?
4
Let g = 603 - 603. Suppose g = 4*t - 5*i - 2820, -3*t - 2*i = -t - 1410. What is the units digit of t?
5
Let a(d) = -2*d**3 - 20*d**2 + 55*d - 377. What is the hundreds digit of a(-27)?
9
Let h = 87 + -97. What is the tens digit of 1212/9*(-15)/h?
0
Suppose 40 = 2*v + 30. Suppose q - 316 = -u, -2*u + 1260 = v*q - q. Suppose -5*z + c + 292 + 516 = 0, -2*z + 5*c = -q. What is the hundreds digit of z?
1
Let a be 0*(-1)/(-5) - 0. Let n be (a + 453)*20/15. Suppose 0 = -10*x + 2384 - n. What is the tens digit of x?
7
Let z(j) = -j**2 + 3*j - 7. Let p be z(0). Let h(t) = 36*t**2 + 16*t + 12. Let i be h(p). Suppose 10*v = -3*v + i. What is the hundreds digit of v?
1
Let x = 18652 - 9718. What is the thousands digit of x?
8
Let j(g) = 3*g - 8. Let f be j(-2). Let d(s) = s**2 - 31*s - 56. What is the units digit of d(f)?
4
Let b(p) = p**3 - 5*p**2 + 6*p - 3. Let a be b(4). Let j(y) = -4*y**2 + 13*y**3 - a - 14*y**3 - 2 + 6*y + 0. What is the tens digit of j(-6)?
2
Suppose 2*m = 3*f + 174, 2 - 6 = 2*f. Let s = -132 + m. What is the tens digit of s/(-15)*230/4?
8
Suppose 14*j - 19*j - 475 = 0. Let c = 109 + j. What is the tens digit of c?
1
What is the tens digit of 4/(-8*(-3)/222822)?
3
Let b be (-14)/8*2 - 2/4. Let x be 214/((-4)/b) - (0 - -1). Suppose -x = -3*c - 0*c. What is the units digit of c?
1
Suppose -9*c - 4 = -7*c, 2*v = 5*c. What is the thousands digit of (-6286)/v + -4 + 171/45?
1
Suppose 5*w - 240 = -20. Let i = 46 - w. Suppose 4*v = 4, 3*n - i*v = -0*n + 235. What is the units digit of n?
9
Let u = 65 + -65. Suppose u = -29*l + 15*l + 5642. What is the hundreds digit of l?
4
Suppose 515 = 9*t - 1132. Let d = t + 83. What is the hundreds digit of d?
2
Let s be 2702 - (13 + 5)/6 - -2. Suppose -656 = -3*w + s. What is the thousands digit of w?
1
What is the thousands digit of (396680/(-16))/((-17)/34)?
9
Let q(b) = 4*b - 909. Let a be q(0). Let o = -619 - a. Suppose -3*w + o = -2*f - 7, 0 = w - 4*f - 99. What is the tens digit of w?
9
Suppose -2*b + 39076 = 2*p, 6*p = b + 8*p - 19534. What is the hundreds digit of b?
5
Let n(l) = -3*l**3 - 11*l**2 + 4*l - 38. What is the hundreds digit of n(-13)?
6
Suppose 6920 = q + 4*w, -2*q - 3*q = -2*w - 34600. Suppose -10*o + q = -0*o. What is the tens digit of o?
9
Let f be (-516582)/(-12) - 3/(-2). Suppose 0 = 121*p - 151*p + f. What is the thousands digit of p?
1
Let t = -302 - -1412. Suppose t = -16*h + 6934. What is the tens digit of h?
6
Let a(h) = h + 28. Let p be a(-23). What is the hundreds digit of 578 - (1 - (-